the prime factors of 49450473.
3, 43, 191, 223
List the prime factors of 2535786.
2, 3, 11, 1423
What are the prime factors of 62378431?
62378431
List the prime factors of 1363366417.
7, 37, 5263963
What are the prime factors of 897412549?
11, 4597, 17747
List the prime factors of 544476753.
3, 60497417
List the prime factors of 76409620.
2, 5, 7, 77969
What are the prime factors of 152836722?
2, 3, 19, 446891
List the prime factors of 2206090979.
6883, 320513
What are the prime factors of 4782938?
2, 2391469
List the prime factors of 207241875.
3, 5, 12281
What are the prime factors of 98127637?
23, 41, 104059
List the prime factors of 8278558398.
2, 3, 11, 379, 3343
What are the prime factors of 337211103?
3, 112403701
List the prime factors of 721803489.
3, 11, 107, 367, 557
List the prime factors of 127148233.
127148233
List the prime factors of 3844706092.
2, 961176523
List the prime factors of 569708026.
2, 79, 3605747
List the prime factors of 47326821.
3, 15775607
What are the prime factors of 444821232?
2, 3, 31, 233, 1283
What are the prime factors of 6107479559?
643, 9498413
List the prime factors of 137208601.
101, 383, 3547
What are the prime factors of 5394827592?
2, 3, 7, 11, 88463
What are the prime factors of 1439321396?
2, 359830349
List the prime factors of 19595979.
3, 13, 55829
What are the prime factors of 17065758?
2, 3, 41, 173, 401
What are the prime factors of 45399032?
2, 7, 810697
What are the prime factors of 2323355252?
2, 17, 97, 352237
What are the prime factors of 155480171?
7, 11, 2019223
What are the prime factors of 21058371?
3, 277, 8447
List the prime factors of 68871634.
2, 13, 2648909
List the prime factors of 1552270392.
2, 3, 479, 1667
List the prime factors of 89074373.
17, 5239669
List the prime factors of 68860014.
2, 3, 673, 17053
List the prime factors of 12937498.
2, 7, 73, 12659
List the prime factors of 152086387.
313, 485899
What are the prime factors of 26619883?
29, 917927
What are the prime factors of 5222751476?
2, 1305687869
List the prime factors of 391889466.
2, 3, 373, 58369
What are the prime factors of 37773629?
59, 640231
List the prime factors of 92081594.
2, 11, 31, 135017
What are the prime factors of 18392177?
29, 199, 3187
List the prime factors of 705934265.
5, 17, 19, 437111
What are the prime factors of 729784755?
3, 5, 7, 17, 45427
List the prime factors of 422881223.
53, 433, 18427
List the prime factors of 4270544477.
37, 113, 1021417
List the prime factors of 289459165.
5, 271, 213623
What are the prime factors of 241250459?
241250459
List the prime factors of 348068702.
2, 53, 113, 29059
List the prime factors of 364940877.
3, 7, 41, 151, 401
List the prime factors of 40634087.
13, 31, 100829
What are the prime factors of 3157382709?
3, 13, 71, 373, 1019
List the prime factors of 436875304.
2, 2837, 19249
List the prime factors of 68110755.
3, 5, 17, 47, 5683
What are the prime factors of 140083969?
3863, 36263
List the prime factors of 4520678571.
3, 31, 419, 38671
List the prime factors of 154834502.
2, 77417251
What are the prime factors of 3911421?
3, 1303807
What are the prime factors of 47261967?
3, 29, 543241
List the prime factors of 84067853.
293, 479, 599
List the prime factors of 1161002039.
317, 3662467
What are the prime factors of 4387190115?
3, 5, 7, 11, 193, 19681
List the prime factors of 120234932.
2, 30058733
List the prime factors of 7624205204.
2, 7, 11, 47, 526679
What are the prime factors of 526374641?
13, 53, 499, 1531
List the prime factors of 793948385.
5, 23, 457, 15107
What are the prime factors of 872115006?
2, 3, 7, 863, 24061
What are the prime factors of 44645165?
5, 8929033
List the prime factors of 18737385.
3, 5, 1249159
List the prime factors of 425053685.
5, 7, 23, 75431
List the prime factors of 226472145.
3, 5, 23, 131, 5011
List the prime factors of 187736776.
2, 23467097
What are the prime factors of 126324124?
2, 383, 82457
List the prime factors of 5897089.
11, 536099
What are the prime factors of 475959182?
2, 31, 109, 70429
What are the prime factors of 138718424?
2, 13, 1333831
List the prime factors of 987579468.
2, 3, 27432763
List the prime factors of 23924196.
2, 3, 664561
List the prime factors of 197030358.
2, 3, 7, 31, 73, 691
List the prime factors of 145434032.
2, 139, 65393
What are the prime factors of 3672754892?
2, 25577, 35899
What are the prime factors of 261071010?
2, 3, 5, 103, 28163
List the prime factors of 164978948.
2, 17, 701, 3461
What are the prime factors of 38250430?
2, 5, 3825043
List the prime factors of 539505258.
2, 3, 859, 104677
What are the prime factors of 96620273?
31, 3116783
List the prime factors of 411045141.
3, 13, 10539619
What are the prime factors of 153949433?
11, 17, 79, 613
List the prime factors of 27492351.
3, 43, 213119
What are the prime factors of 1176931627?
107, 283, 38867
What are the prime factors of 12401290?
2, 5, 11, 37, 277
What are the prime factors of 127336138?
2, 19, 3350951
What are the prime factors of 112733147?
112733147
What are the prime factors of 1872773234?
2, 317, 1303, 2267
What are the prime factors of 5057967243?
3, 7, 167, 643, 2243
List the prime factors of 383239882.
2, 191619941
What are the prime factors of 6135937?
41, 109, 1373
What are the prime factors of 167181148?
2, 109, 307, 1249
List the prime factors of 119926969.
53, 809, 2797
List the prime factors of 252842167.
1997, 126611
What are the prime factors of 102149767?
2543, 40169
What are the prime factors of 981398466?
2, 3, 4219, 12923
List the prime factors of 24314667.
3, 13, 59, 10567
What are the prime factors of 981851835?
3, 5, 67, 109, 8963
What are the prime factors of 254543419?
13, 2423, 8081
What are the prime factors of 124092059?
7, 13, 19, 10253
List the prime factors of 195352453.
71, 73, 37691
List the prime factors of 143486342.
2, 71743171
List the prime factors of 362275949.
7, 2297, 22531
What are the prime factors of 357715403?
73, 4900211
List the prime factors of 2039800442.
2, 19, 173, 310283
What are the prime factors of 2097162964?
2, 13, 40330057
What are the prime factors of 1125013813?
7, 11, 14610569
List the prime factors of 22936030.
2, 5, 13, 176431
What are the prime factors of 134548325?
5, 547, 9839
What are the prime factors of 3930974998?
2, 29, 1889, 35879
List the prime factors of 4727557770.
2, 3, 5, 13, 19, 23, 27739
What are the prime factors of 51934045?
5, 67, 155027
What are the prime factors of 2795497041?
3, 931832347
What are the prime factors of 64779922?
2, 32389961
List the prime factors of 38433216.
2, 3, 47, 4259
What are the prime factors of 331371625?
5, 13, 203921
What are the prime factors of 28480365?
3, 5, 632897
List the prime factors of 41256165.
3, 5, 1091, 2521
What are the prime factors of 242651070?
2, 3, 5, 59, 45697
What are the prime factors of 2309267183?
23, 100402921
What are the prime factors of 461954630?
2, 5, 29, 1592947
What are the prime factors of 974851023?
3, 1163, 279407
What are the prime factors of 8067673?
17, 474569
List the prime factors of 60658792.
2, 19, 399071
What are the prime factors of 479644107?
3, 159881369
List the prime factors of 808187652.
2, 3, 1549, 4831
List the prime factors of 474732889.
474732889
List the prime factors of 8598054.
2, 3, 131, 10939
List the prime factors of 3015142690.
2, 5, 7, 103, 418189
What are the prime factors of 195002275?
5, 13, 83, 7229
What are the prime factors of 109675306?
2, 13, 4218281
What are the prime factors of 168540946?
2, 7, 827, 14557
List the prime factors of 173866215.
3, 5, 59, 196459
List the prime factors of 3455745669.
3, 17, 19, 487, 2441
List the prime factors of 901515519.
3, 100168391
List the prime factors of 1275231678.
2, 3, 7, 30362659
List the prime factors of 60935623.
7, 79, 101, 1091
What are the prime factors of 123515029?
11, 19, 293, 2017
What are the prime factors of 1372966286?
2, 23567, 29129
List the prime factors of 532429138.
2, 1741, 152909
List the prime factors of 431211702.
2, 3, 167, 233, 1847
List the prime factors of 3784814243.
7, 23, 3358309
What are the prime factors of 1699040882?
2, 7, 11, 47, 191, 1229
List the prime factors of 29617438.
2, 269, 55051
List the prime factors of 263616516.
2, 3, 73